the remainder when 41002 is divided by 6830.
22
Calculate the remainder when 19992 is divided by 645.
642
Calculate the remainder when 12754 is divided by 182.
14
Calculate the remainder when 9095 is divided by 314.
303
What is the remainder when 1838572 is divided by 761?
757
Calculate the remainder when 30295 is divided by 21.
13
Calculate the remainder when 3232 is divided by 79.
72
What is the remainder when 8399 is divided by 16?
15
Calculate the remainder when 54103 is divided by 248.
39
What is the remainder when 13335 is divided by 72?
15
What is the remainder when 4342 is divided by 100?
42
What is the remainder when 2322044 is divided by 247?
244
Calculate the remainder when 13804 is divided by 118.
116
What is the remainder when 47268 is divided by 313?
5
Calculate the remainder when 996 is divided by 965.
31
What is the remainder when 72211 is divided by 8023?
4
Calculate the remainder when 6833 is divided by 262.
21
Calculate the remainder when 54592 is divided by 13643.
20
What is the remainder when 21783 is divided by 52?
47
What is the remainder when 505716 is divided by 188?
184
Calculate the remainder when 173951 is divided by 128.
127
What is the remainder when 4048 is divided by 145?
133
What is the remainder when 291 is divided by 220?
71
Calculate the remainder when 14562 is divided by 374.
350
Calculate the remainder when 5787 is divided by 1652.
831
What is the remainder when 31853 is divided by 15925?
3
What is the remainder when 32843 is divided by 113?
73
Calculate the remainder when 97646 is divided by 126.
122
What is the remainder when 15900 is divided by 27?
24
Calculate the remainder when 4105 is divided by 2052.
1
What is the remainder when 337626 is divided by 206?
198
Calculate the remainder when 2918 is divided by 2219.
699
Calculate the remainder when 8231 is divided by 633.
2
Calculate the remainder when 2622 is divided by 212.
78
What is the remainder when 97689 is divided by 6512?
9
Calculate the remainder when 99402 is divided by 29.
19
What is the remainder when 393 is divided by 7?
1
Calculate the remainder when 1043 is divided by 63.
35
What is the remainder when 82669 is divided by 72?
13
Calculate the remainder when 140515 is divided by 4014.
25
What is the remainder when 33726 is divided by 36?
30
Calculate the remainder when 24497 is divided by 187.
0
What is the remainder when 2773 is divided by 223?
97
Calculate the remainder when 12582 is divided by 16.
6
What is the remainder when 2033 is divided by 615?
188
Calculate the remainder when 820438 is divided by 385.
3
Calculate the remainder when 6976 is divided by 6932.
44
What is the remainder when 10658647 is divided by 14?
13
Calculate the remainder when 129429 is divided by 32356.
5
Calculate the remainder when 2139 is divided by 579.
402
Calculate the remainder when 215297 is divided by 136.
9
What is the remainder when 8082 is divided by 3983?
116
Calculate the remainder when 21552 is divided by 13.
11
What is the remainder when 44808 is divided by 17?
13
Calculate the remainder when 531285 is divided by 628.
625
Calculate the remainder when 37604 is divided by 86.
22
Calculate the remainder when 69720 is divided by 1884.
12
What is the remainder when 1152849 is divided by 85?
79
Calculate the remainder when 91725 is divided by 6551.
11
Calculate the remainder when 44797 is divided by 3.
1
What is the remainder when 28092 is divided by 152?
124
Calculate the remainder when 26 is divided by 13.
0
Calculate the remainder when 39423 is divided by 3059.
2715
What is the remainder when 1203 is divided by 393?
24
What is the remainder when 1460 is divided by 199?
67
What is the remainder when 6177 is divided by 184?
105
Calculate the remainder when 39833 is divided by 15.
8
Calculate the remainder when 22656 is divided by 22634.
22
What is the remainder when 8145 is divided by 508?
17
What is the remainder when 8356 is divided by 20?
16
What is the remainder when 272213 is divided by 213?
212
What is the remainder when 18408 is divided by 70?
68
What is the remainder when 6335 is divided by 897?
56
What is the remainder when 101097 is divided by 707?
703
What is the remainder when 12960 is divided by 3038?
808
What is the remainder when 8412 is divided by 842?
834
Calculate the remainder when 2982 is divided by 149.
2
What is the remainder when 16150 is divided by 5383?
1
Calculate the remainder when 12351 is divided by 263.
253
Calculate the remainder when 239083 is divided by 165.
163
Calculate the remainder when 13288 is divided by 57.
7
Calculate the remainder when 530603 is divided by 39.
8
What is the remainder when 24092 is divided by 401?
32
Calculate the remainder when 20309 is divided by 196.
121
What is the remainder when 42394 is divided by 2824?
34
Calculate the remainder when 182788 is divided by 81.
52
Calculate the remainder when 28892 is divided by 13.
6
What is the remainder when 50703 is divided by 366?
195
Calculate the remainder when 189592 is divided by 24.
16
What is the remainder when 33367 is divided by 36?
31
Calculate the remainder when 6154 is divided by 879.
1
What is the remainder when 6865 is divided by 70?
5
What is the remainder when 7033 is divided by 1167?
31
What is the remainder when 27844 is divided by 78?
76
Calculate the remainder when 16418 is divided by 3.
2
Calculate the remainder when 4754 is divided by 35.
29
What is the remainder when 16027 is divided by 285?
67
What is the remainder when 523 is divided by 30?
13
Calculate the remainder when 17943 is divided by 9.
6
What is the remainder when 4456 is divided by 225?
181
Calculate the remainder when 25512 is divided by 19.
14
What is the remainder when 36362 is divided by 17?
16
Calculate the remainder when 7832 is divided by 3913.
6
Calculate the remainder when 528280 is divided by 48.
40
Calculate the remainder when 32288 is divided by 47.
46
What is the remainder when 6098 is divided by 1290?
938
Calculate the remainder when 602 is divided by 294.
14
Calculate the remainder when 7340 is divided by 73.
40
Calculate the remainder when 2740 is divided by 12.
4
What is the remainder when 19498 is divided by 191?
16
Calculate the remainder when 42068 is divided by 21.
5
Calculate the remainder when 62976 is divided by 130.
56
Calculate the remainder when 13680 is divided by 152.
0
Calculate the remainder when 434619 is divided by 155.
154
Calculate the remainder when 27098 is divided by 27070.
28
What is the remainder when 5850 is divided by 133?
131
What is the remainder when 2426 is divided by 583?
94
Calculate the remainder when 9918 is divided by 4953.
12
What is the remainder when 1494225 is divided by 956?
953
What is the remainder when 4927 is divided by 549?
535
What is the remainder when 4089 is divided by 814?
19
What is the remainder when 803771 is divided by 680?
11
What is the remainder when 2079 is divided by 172?
15
What is the remainder when 2881842 is divided by 83?
82
What is the remainder when 661 is divided by 559?
102
What is the remainder when 161348 is divided by 70?
68
What is the remainder when 45691 is divided by 15226?
13
What is the remainder when 90026 is divided by 89903?
123
What is the remainder when 1734004 is divided by 515?
514
What is the remainder when 172854 is divided by 367?
364
What is the remainder when 4482 is divided by 23?
20
What is the remainder when 1587 is divided by 357?
159
What is the remainder when 622917 is divided by 207633?
18
Calculate the remainder when 321383 is divided by 56.
55
What is the remainder when 224863 is divided by 44950?
113
Calculate the remainder when 121713 is divided by 60847.
19
Calculate the remainder when 13776 is divided by 2739.
81
Calculate the remainder when 13172 is divided by 729.
50
Calculate the remainder when 3817 is divided by 3766.
51
Calculate the remainder when 223139 is divided by 17.
14
Calculate the remainder when 25714 is divided by 134.
120
Calculate the remainder when 46617 is divided by 21.
18
What is the remainder when 1762 is divided by 80?
2
What is the remainder when 6999 is divided by 125?
124
What is the remainder when 6984 is divided by 55?
54
Calculate the remainder when 4736 is divided by 55.
6
Calculate the remainder when 26468 is divided by